{"id":3,"date":"2020-12-15T13:29:17","date_gmt":"2020-12-15T13:29:17","guid":{"rendered":"https:\/\/fahrschule-bruegge.de\/?page_id=3"},"modified":"2021-01-22T14:20:16","modified_gmt":"2021-01-22T14:20:16","slug":"datenschutzerklaerung","status":"publish","type":"page","link":"https:\/\/fahrschule-bruegge.de\/?page_id=3","title":{"rendered":"Datenschutzerkl\u00e4rung"},"content":{"rendered":"\n<h2 class=\"wp-block-heading\"><strong>1. Allgemeine Hinweise<\/strong><\/h2>\n\n\n\n<p>Als Verantwortlicher f\u00fcr diese Internetseite nehmen wir den Schutz Ihrer pers\u00f6nlichen Daten sehr ernst. Wir behandeln Ihre personenbezogenen Daten vertraulich und nach Vorgabe der geltenden Datenschutzgesetze, vor allem der (EU-DSGVO) sowie dieser Datenschutzerkl\u00e4rung.<\/p>\n\n\n\n<p>Wenn Sie diese Internetseite benutzen, werden verschiedene personenbezogene Daten erhoben. Personenbezogene Daten sind Daten, mit denen Sie pers\u00f6nlich identifiziert werden k\u00f6nnen. Die vorliegende Datenschutzerkl\u00e4rung erl\u00e4utert, welche Daten wir erheben und wof\u00fcr wir sie nutzen. Sie erl\u00e4utert auch, wie und zu welchem Zweck das geschieht.<\/p>\n\n\n\n<p>Wir weisen darauf hin, dass die Daten\u00fcbertragung im Internet (z.B. bei der Kommunikation per E-Mail) Sicherheitsl\u00fccken aufweisen kann. Ein l\u00fcckenloser Schutz der Daten vor dem Zugriff durch Dritte ist nicht m\u00f6glich.<\/p>\n\n\n\n<h2 class=\"wp-block-heading\">2. <strong>Definitionen<\/strong><\/h2>\n\n\n\n<h3 class=\"wp-block-heading\">Folgende Begriffe werden in dieser Datenschutzinformation verwendet:<\/h3>\n\n\n\n<h4 class=\"wp-block-heading\">1. <em>Personenbezogene Daten<\/em><\/h4>\n\n\n\n<p>Personenbezogene Daten sind alle Informationen, die sich auf eine identifizierte oder identifizierbare nat\u00fcrliche Person (im Folgenden \u201ebetroffene Person\u201c) beziehen. Als identifizierbar wird eine nat\u00fcrliche Person angesehen, die direkt oder indirekt, insbesondere mittels Zuordnung zu einer Kennung wie einem Namen, zu einer Kennnummer, zu Standortdaten, zu einer Online-Kennung oder zu einem oder mehreren besonderen Merkmalen, die Ausdruck u.a. der wirtschaftlichen, kulturellen oder sozialen Identit\u00e4t dieser nat\u00fcrlichen Person sind, identifiziert werden kann.<\/p>\n\n\n\n<h4 class=\"wp-block-heading\">2. <em>Betroffene Person<\/em><\/h4>\n\n\n\n<p>Betroffene Person ist jede identifizierte oder identifizierbare nat\u00fcrliche Person, deren personenbezogene Daten von Verantwortlichen verarbeitet werden.<\/p>\n\n\n\n<h4 class=\"wp-block-heading\">3. <em>Verarbeitung<\/em><\/h4>\n\n\n\n<p>Verarbeitung ist jeder mit oder ohne Hilfe automatisierter Verfahren ausgef\u00fchrte Vorgang oder jede solche Vorgangsreihe im Zusammenhang mit personenbezogenen Daten wie das Erheben, das Erfassen, die Organisation, das Ordnen, die Speicherung, die Anpassung oder Ver\u00e4nderung, das Auslesen, das Abfragen, die Verwendung, die Offenlegung durch \u00dcbermittlung, Verbreitung oder eine andere Form der Bereitstellung, den Abgleich oder die Verkn\u00fcpfung, die Einschr\u00e4nkung, das L\u00f6schen oder die Vernichtung.<\/p>\n\n\n\n<h2 class=\"wp-block-heading\">3. <strong>Die Datenverarbeitung von Besuchern dieser Internetseite<\/strong><\/h2>\n\n\n\n<p>Damit Sie diese Seite ansehen k\u00f6nnen, wird Ihre IP-Adresse vom\u00a0Webserver\u00a0f\u00fcr die Dauer des Besuchs verarbeitet. Die Applikation, mit der diese Seite betrieben wird speichert einige Zugriffsarten\u00a0auf diese Internetseiten f\u00fcr\u00a07 Tage. Geloggt werden fehlerhafte Anmeldeversuche, Zugriffsversuche auf nicht existente Inhalte (\u201e404 Detection\u201c) und Sperrungen von IP-Adressen von fehlerhaften Anmeldeversuchen. Die Nutzung unserer Internetseite in der Regel ohne Angabe personenbezogener Daten m\u00f6glich. Bei einem \u201enormalen\u201c Besuch dieser Internetseite wird also in der Regel nichts zu Ihrer Person gespeichert. <\/p>\n\n\n\n<p>Unser Webserver steht in Deutschland und wird vom deutschen Anbieter Strato AG betrieben. <a>Zwischen dem Provider und <\/a>der Fahrschule C. Br\u00fcgge wurde ein Auftragsverarbeitungsvertrag nach Art. 28 DSGVO geschlossen.<\/p>\n\n\n\n<hr class=\"wp-block-separator\"\/>\n\n\n\n<h2 class=\"wp-block-heading\">4. <strong>Art und Zweck der Datenverarbeitung<\/strong><\/h2>\n\n\n\n<p>Beim Aufrufen unserer Internetseite www.swe-wismar.de werden, durch den auf Ihrem Endger\u00e4t zum Einsatz kommenden Browser, automatisch Informationen an den Server unserer Internetseite gesendet. Diese Informationen werden tempor\u00e4r in einem sog. Logfile gespeichert. Folgende Informationen werden dabei ohne Ihr Zutun erfasst und bis zur automatisierten L\u00f6schung gespeichert:<\/p>\n\n\n\n<ul class=\"wp-block-list\"><li>IP-Adresse des anfragenden Rechners<\/li><li>Datum und Uhrzeit des Zugriffs<\/li><li>Name und URL der abgerufenen Datei<\/li><li>Internetseite, von der aus der Zugriff erfolgt (Referrer-URL)<\/li><li>Verwendeter Browser ggf. das Betriebssystem Ihres Rechners sowie der Name Ihres Access-Providers<\/li><\/ul>\n\n\n\n<p>Die genannten Daten werden durch uns zu folgenden Zwecken verarbeitet:<\/p>\n\n\n\n<ul class=\"wp-block-list\"><li>Gew\u00e4hrleistung eines reibungslosen Verbindungsaufbaus der Internetseite<\/li><li>Gew\u00e4hrleistung einer komfortablen Nutzung unserer Internetseite<\/li><li>Auswertung der Systemsicherheit und -stabilit\u00e4t<\/li><\/ul>\n\n\n\n<p>Die Rechtsgrundlage f\u00fcr die Datenverarbeitung ist Art. 6 Abs. 1 DSGVO. Unser berechtigtes Interesse folgt aus oben aufgelisteten Zwecken zur Datenerhebung. In diesem Zusammenhang verwenden wir die erhobenen Daten nicht zu dem Zweck, R\u00fcckschl\u00fcsse auf Ihre Person zu ziehen.<\/p>\n\n\n\n<h2 class=\"wp-block-heading\">5. Erforderliche Cookies<\/h2>\n\n\n\n<p>Cookies sind kleine Textdateien, die auf Ihrem Rechner abgelegt und von Ihrem Browser gespeichert werden. Cookies richten auf Ihrem Rechner keinen Schaden an und enthalten keine Viren. Die meisten der von uns verwendeten Cookies sind so genannte \u201eSession-Cookies\u201c, welche nach Ende Ihres Besuchs auf unserer Internetseite automatisch gel\u00f6scht werden. Andere Cookies bleiben auf Ihrem Endger\u00e4t gespeichert bis Sie diese l\u00f6schen. Diese Cookies erm\u00f6glichen es uns, Ihren Browser beim n\u00e4chsten Besuch wiederzuerkennen.<br><br>Sie k\u00f6nnen in ihren Browsereinstellungen festlegen, ob Sie lediglich \u00fcber das Setzen eines Cookies informiert werden oder Sie eine Erlaubnis entweder f\u00fcr den Einzelfall oder generell f\u00fcr Cookies erteilen respektive ausschlie\u00dfen m\u00f6chten oder eine automatisierte L\u00f6schung von Cookies bei Schlie\u00dfung Ihres Browsers vorgenommen werden soll. Durch eine Deaktivierung von Cookies kann die Funktionalit\u00e4t dieser Internetseite eingeschr\u00e4nkt sein.<br><br>Die sog. Session-Cookies werden nach Ende der Browser-Session wieder von Ihrer Festplatte gel\u00f6scht. Andere Cookies verbleiben auf Ihrem Computer und erm\u00f6glichen es, Ihren Computer anhand der protokollierten Daten (Besuch der Internetseite einschlie\u00dflich Datum und Uhrzeit, Browsertyp, Betriebssystem, Produkte, die Sie sich auf der Internetseite angesehen haben) beim n\u00e4chsten Besuch wieder zu erkennen (sog. ID-Cookies).<\/p>\n\n\n\n<h2 class=\"wp-block-heading\">6. Welche Daten werden verarbeitet?<\/h2>\n\n\n\n<h4 class=\"wp-block-heading\">IP Adressen<\/h4>\n\n\n\n<p>Auf dieser Internetseite werden&nbsp;grunds\u00e4tzlich&nbsp;keine vollst\u00e4ndigen IP-Adressen&nbsp;von reinen Besuchern der Internetseite gespeichert bzw. unverz\u00fcglich nach Ende der Nutzung der Internetseite gel\u00f6scht. Auf Webserver-Ebene erfolgt dies dadurch, dass im Logfile (Access-Log und Error-Log) standardm\u00e4\u00dfig statt der tats\u00e4chlichen IP-Adresse des Users die IP-Adresse gespeichert wird. Eine Herstellung eines Personenbezuges ist dann nicht mehr m\u00f6glich.&nbsp;<\/p>\n\n\n\n<p>Bei&nbsp;fehlerhaften Anmeldeversuchen&nbsp;wird die IP-Adresse f\u00fcr 14 Tage gespeichert. Dies wird gemacht, um Hacking-Versuche zu unterbinden und zu analysieren. Ferner werden diese Daten bei registrierten Benutzern ben\u00f6tigt, um z.B. technische Fehler bei der Anmeldung analysieren und beheben zu k\u00f6nnen. So k\u00f6nnen erst ab einer Speicherdauer von 14 Tagen vern\u00fcnftige Analysen erstellt werden, um Sperrungen auf Basis von IP-Adressen vorzunehmen.&nbsp;<\/p>\n\n\n\n<p>Au\u00dferdem werden IP-Adressen von Besuchern im Rahmen einer sog. \u201e404 Detection\u201c gespeichert. Speicherdauer ist hier 7 Tage. Im Rahmen einer Interessenabw\u00e4gung \u00fcberwiegen hier die Interessen von der Fahrschule C. Br\u00fcgge im Hinblick auf die Verarbeitung dieser Daten.<\/p>\n\n\n\n<p>Rechtsgrundlage\u00a0f\u00fcr die Verarbeitung dieser Daten ist im Hinblick auf\u00a0reine Besucher\u00a0dieser Internetseite Art. 6 Abs. 1 lit. f) DSGVO. Unser Interesse ist hier die Gew\u00e4hrleistung der Integrit\u00e4t, Vertraulichkeit und Verf\u00fcgbarkeit der Daten, die \u00fcber diese Internetseite verarbeitet werden.<\/p>\n\n\n\n<h4 class=\"wp-block-heading\">Emails<\/h4>\n\n\n\n<p>Wenn Sie der Fahrschule C. Br\u00fcgge eine E-Mail senden, werden diese Daten gespeichert. Wir tragen Sorge daf\u00fcr, dass die Daten nach dem Stand der Technik vor der unberechtigten Kenntnisnahme Dritter gesichert sind. Beachten Sie jedoch bitte, dass unverschl\u00fcsselte E-Mails, die \u00fcber das Internet versendet werden, nicht hinreichend vor der unbefugten Kenntnisnahme durch Dritte gesch\u00fctzt sind.<\/p>\n\n\n\n<h4 class=\"wp-block-heading\">Kommentare<\/h4>\n\n\n\n<p>Wenn Besucher Kommentare auf der Website schreiben, sammeln wir die Daten, die im Kommentar-Formular angezeigt werden, au\u00dferdem die IP-Adresse des Besuchers und den User-Agent-String (damit wird der Browser identifiziert), um die Erkennung von Spam zu unterst\u00fctzen.<\/p>\n\n\n\n<h4 class=\"wp-block-heading\">Kontaktaufnahme<\/h4>\n\n\n\n<p>Wenn Sie uns eine E-Mail senden, so wird diese Mail und Ihre E-Mail-Adresse ausschlie\u00dflich f\u00fcr die Korrespondenz mit Ihnen verwandt. Im Falle von Bestellungen werden die angegebenen pers\u00f6nlichen Daten nur f\u00fcr die Abwicklung der Bestellung an Dritte (Versandfirma, ggf. andere Beh\u00f6rden oder Einrichtungen, sofern diese das bestellte Material versenden) weitergegeben. Nach Erf\u00fcllung Ihrer Bestellw\u00fcnsche werden Ihre Angaben gel\u00f6scht. <\/p>\n\n\n\n<h4 class=\"wp-block-heading\"><strong>Cookies<\/strong><\/h4>\n\n\n\n<p>Diese Internetseite verwendet Cookies.<\/p>\n\n\n\n<p>Cookies werden f\u00fcr Besucher nur prim\u00e4r zur Steuerung von bestimmten Sessions genutzt. So nutzen wir z.B. zur Darstellung bestimmter Datenbankinhalte eine \u201eDarstellungs-Schicht\u201c, deren Steuerung (wie \u201eVor- und Zur\u00fcckbl\u00e4ttern\u201c) \u00fcber Session-Cookies abgewickelt wird.<\/p>\n\n\n\n<h4 class=\"wp-block-heading\"><strong>Eingebettete Inhalte von anderen Websites<\/strong><\/h4>\n\n\n\n<p>Beitr\u00e4ge auf dieser Website k\u00f6nnen eingebettete Inhalte beinhalten (z.B. Videos, Bilder, Beitr\u00e4ge etc.). Eingebettete Inhalte von anderen Websites verhalten sich exakt so, als ob der Besucher die andere Website besucht h\u00e4tte.<\/p>\n\n\n\n<p>Diese Websites k\u00f6nnen Daten sammeln, Cookies benutzen, zus\u00e4tzliche Tracking-Dienste von Dritten einbetten und Ihre Interaktion mit diesem eingebetteten Inhalt aufzeichnen, inklusive Ihrer Interaktion mit dem eingebetteten Inhalt, falls ein Konto existiert und Sie auf dieser Website angemeldet sind.<\/p>\n\n\n\n<h4 class=\"wp-block-heading\"><strong>Analyse- und Tracking-Tools<\/strong><\/h4>\n\n\n\n<p>Diese Website nutzt \u00fcber den Kartendienst Google Maps Easy. Anbieter ist Supsystic. Zur Nutzung der Funktionen von Google Maps Easy ist es notwendig, Ihre IP-Adresse zu speichern. Der Anbieter dieser Seite hat keinen Einfluss auf diese Daten\u00fcbertragung. Die Nutzung von Google Maps Easy erfolgt im Interesse einer ansprechenden Darstellung unserer Online-Angebote und an einer leichten Auffindbarkeit der von uns auf der Webseite angegebenen Orte.<\/p>\n\n\n\n<p>Mehr Informationen zum Umgang mit Nutzerdaten finden Sie in der Datenschutzerkl\u00e4rung von Google Maps Easy.<\/p>\n\n\n\n<h4 class=\"wp-block-heading\"><strong>Verlinkung auf andere Internetseiten<\/strong><\/h4>\n\n\n\n<p>Sie finden auf dieser Internetseite Links zu anderen Internetseiten, direkt oder indirekt \u00fcber Links. Hiermit distanzieren wir uns ausdr\u00fccklich von allen Inhalten dieser gelinkten Seiten und machen uns diese Inhalte nicht zu eigen. Wir haben keinen Einfluss auf \u00c4nderungen der verlinkten Inhalte. Rechtsgrundlage f\u00fcr die Verarbeitung ist unser berechtigtes Interesse gem\u00e4\u00df Art. 6 Abs. 1 lit. f) DSGVO.<\/p>\n\n\n\n<p>Unsere Internetseite kann Links zu Internetseite anderer Anbieter enthalten, auf die sich diese Datenschutzerkl\u00e4rung nicht erstreckt. Soweit die Nutzung von Internetseiten anderer Anbieter mit der Erhebung, Verarbeitung und Nutzung personenbezogener Daten verbunden ist, wird auf die Datenschutzerkl\u00e4rung des jeweiligen Anbieters verwiesen.<\/p>\n\n\n\n<h2 class=\"wp-block-heading\">7. <strong>Verantwortlich im Sinne der DSGVO ist:<\/strong><\/h2>\n\n\n\n<p>Fahrschule C. Br\u00fcgge<br>Christian Br\u00fcgge<br>Gesch\u00e4ftsf\u00fchrer<\/p>\n\n\n\n<p>Blankeneser Landstra\u00dfe 17<br>22587 Hamburg<br>Deutschland\/Germany<\/p>\n\n\n\n<p>Telefon: 040\/860393<br>Telefax: 040\/69605661<\/p>\n\n\n\n<p>Email: info@fahrschule-bruegge.de<br>https:\/\/<a rel=\"noreferrer noopener\" href=\"http:\/\/www.fahrschule-bruegge.de\" target=\"_blank\">www.fahrschule-bruegge.de<\/a><\/p>\n\n\n\n<h2 class=\"wp-block-heading\">8. <strong>Datenschutzbeauftragter<\/strong><\/h2>\n\n\n\n<p>Das Thema Datenschutz nehmen wir sehr ernst. Wir sind gesetzlich nicht verpflichtet, einen Datenschutzbeauftragten zu benennen. Ein externer Datenschutzbeauftragter ist f\u00fcr das Unternehmen nicht benannt.<\/p>\n\n\n\n<h2 class=\"wp-block-heading\">9. Empf\u00e4nger\/Weitergabe von Daten<\/h2>\n\n\n\n<ol class=\"wp-block-list\" type=\"1\"><li>Daten, die Sie der Fahrschule C. Br\u00fcgge gegen\u00fcber angeben, werden grunds\u00e4tzlich nicht an Dritte weitergegeben. Insbesondere werden Ihre Daten nicht an Dritte f\u00fcr deren Werbezwecke weitergegeben.<\/li><\/ol>\n\n\n\n<p><strong><br><\/strong>Wir setzen jedoch ggf. Dienstleister f\u00fcr den Betrieb dieser Internetseite oder f\u00fcr z.B. Lieferanten ein. Hier kann es vorkommen, dass ein Dienstleister Kenntnis von personenbezogenen Daten erh\u00e4lt. Wir w\u00e4hlen unsere Dienstleister sorgf\u00e4ltig \u2013 insbesondere im Hinblick auf Datenschutz und Datensicherheit \u2013 aus und treffen alle datenschutzrechtlich erforderlichen Ma\u00dfnahmen f\u00fcr eine zul\u00e4ssige Datenverarbeitung.<\/p>\n\n\n\n<p>Im Rahmen der Zusammenarbeit mit Gesch\u00e4ftspartnern verarbeiten wir folgende personenbezogene Daten von Interessenten, Kunden, Lieferanten, Dienstleistern und Dienstleistern bzw. der dortigen Ansprechpartner:<\/p>\n\n\n\n<ul class=\"wp-block-list\"><li>Kontaktinformationen, wie Vor- und Zunamen, gesch\u00e4ftliche Anschrift, gesch\u00e4ftliche Telefonnummer, gesch\u00e4ftliche Mobilfunknummer, gesch\u00e4ftliche Faxnummer und gesch\u00e4ftliche E-Mailadresse, Firmenzugeh\u00f6rigkeit<\/li><li>Vertragsdaten<\/li><li>Zahlungsdaten, die zur Abwicklung von Zahlungsvorg\u00e4ngen erforderlich sind<\/li><\/ul>\n\n\n\n<p>Die Verarbeitung ist zum Zweck der Vorbereitung und\/oder Durchf\u00fchrung von Vertr\u00e4gen erforderlich. Rechtsgrundlage f\u00fcr die Verarbeitung ist Art. 6 Abs.1 S. 1 lit. b DSGVO. Sofern die Kontaktperson nicht zugleich der direkte Gesch\u00e4ftspartner ist, ist Rechtsgrundlage f\u00fcr die Verarbeitung Art. 6 Abs. 1 S. 1 lit. f DSGVO. Unser berechtigtes Interesse folgt daraus, mit der jeweils f\u00fcr uns zust\u00e4ndigen Ansprechperson direkt in Kontakt treten zu k\u00f6nnen.<\/p>\n\n\n\n<p>Eine Weitergabe von personenbezogenen Daten von uns an Dritte erfolgt grunds\u00e4tzlich nur dann, wenn dies f\u00fcr die Erf\u00fcllung unserer Verpflichtungen und\/oder Durchsetzung unserer Rechte notwendig sind. Das kann vor allem gegen\u00fcber den im Rahmen der Vertragsabwicklung beteiligten Dienstleistungspartnern der Fall sein, z.B. Logistikunternehmen, Kreditinstitute.<\/p>\n\n\n\n<p>Weiterhin kommt die \u00dcbermittlung von personenbezogenen Daten im Rahmen der vertraglich und oder gesetzlich zul\u00e4ssigen Weitergabe an folgende Dritte in Betracht: Auftragsverarbeiter, an die wir zur Erf\u00fcllung unserer vertraglichen Pflichten personenbezogene Daten \u00fcbermitteln oder denen wir den Zugriff auf bei uns gespeicherte personenbezogene Daten gestatten. Das k\u00f6nnen insbesondere Dienstleister, die wir f\u00fcr folgende Leistungen in Anspruch nehmen sein: Unterst\u00fctzung\/Wartung von EDV-IT-Anwendungen, Archivierung, Datenvernichtung. Durch den Abschluss eines Auftragsverarbeitungsvertrages verpflichten wir diese Dienstleister zur Einhaltung der Vorschriften der DSGVO. Personenbezogene Daten werden entsprechend nur f\u00fcr unsere Gesch\u00e4ftszwecke und aufgrund unserer Weisung verarbeitet. Zwischen den Dienstleistern und der Fahrschule C. Br\u00fcgge wurde ein Auftragsverarbeitungsvertrag nach Art. 28 DSGVO geschlossen.\u00a0<\/p>\n\n\n\n<p>Wir leiten au\u00dferdem personenbezogene Daten an Steuerberater, Gerichte, Beh\u00f6rden oder Rechtsberater weiter, sofern dies zur Einhaltung geltenden Rechts oder zu Geltendmachung, Aus\u00fcbung oder Verteidigung von Rechtsanspr\u00fcchen erforderlich ist.<\/p>\n\n\n\n<p>In den F\u00e4llen der Weitergabe Ihrer personenbezogenen Daten an Dritte beschr\u00e4nkt sich der Umfang der \u00fcbermittelten Daten immer auf das erforderliche Minimum. Zu anderen Zwecken geben wir Ihre pers\u00f6nlichen Daten nur weiter, wenn Sie dazu Ihre ausdr\u00fcckliche Einwilligung erteilt haben, Art.&nbsp;6 Abs.&nbsp;1 S.&nbsp;1 lit.&nbsp;a DSGVO.<\/p>\n\n\n\n<hr class=\"wp-block-separator\"\/>\n\n\n\n<h2 class=\"wp-block-heading\">10. <strong>Datenverarbeitung au\u00dferhalb der EU<\/strong><\/h2>\n\n\n\n<p>Eine Datenverarbeitung au\u00dferhalb der europ\u00e4ischen Union findet grunds\u00e4tzlich nicht durch die Fahrschule C. Br\u00fcgge statt.<\/p>\n\n\n\n<h2 class=\"wp-block-heading\">11. L\u00f6schung von Daten<\/h2>\n\n\n\n<p>Wir l\u00f6schen personenbezogene Daten grunds\u00e4tzlich dann, wenn kein Erfordernis f\u00fcr eine weitere Speicherung besteht. Ein Erfordernis kann insbesondere dann bestehen, wenn die Daten noch ben\u00f6tigt werden, um vertragliche Leistungen zu erf\u00fcllen, Gew\u00e4hrleistungs- und ggf. Garantieanspr\u00fcche zu pr\u00fcfen und zu gew\u00e4hren oder abwehren zu k\u00f6nnen. Im Falle von gesetzlichen Aufbewahrungspflichten kommt eine L\u00f6schung erst nach Ablauf der jeweiligen Aufbewahrungspflicht in Betracht.<strong><\/strong><\/p>\n\n\n\n<p>Im Einzelnen:<\/p>\n\n\n\n<p>1. Sofern Sie unsere Website besucht haben, werden Ihre Daten mit Ende der Browser-Sitzung, also nach Schlie\u00dfen Ihres Browsers, sp\u00e4testens aber nach 7 Tagen, gel\u00f6scht.<\/p>\n\n\n\n<p>2. Personenbezogene Daten, die wir im Rahmen einer Anfrage erheben, werden nach Erledigung der Anfrage und sofern es nicht zu einem Vertragsabschluss kommt, sp\u00e4testens nach 24 Monaten gel\u00f6scht.<\/p>\n\n\n\n<p>3. Die im Rahmen eines Auftrages oder eines st\u00e4ndigen Gesch\u00e4ftskontaktes von uns erhobenen personenbezogenen (Kontakt)Daten werden bis zur Abwicklung des Auftrages und sofern die Datenverarbeitung\u00a0 im Rahmen eines st\u00e4ndigen Gesch\u00e4ftskontakts erfolgt, bis zur Beendigung dieses Kontakts gespeichert und anschlie\u00dfend sp\u00e4testens nach 24 Monaten gel\u00f6scht, es sei denn, dass wir nach Art.\u00a06 Abs.\u00a01 S.\u00a01 lit.\u00a0c DSGVO aufgrund von steuer- und handelsrechtlichen Aufbewahrungs- und Dokumentationspflichten (aus HGB, StGB oder AO) oder anderen gesetzlichen Verpflichtungen zu einer l\u00e4ngeren Speicherung (bis zu 10 Jahre) verpflichtet sind. Eine \u00fcber die vorgenannten Fristen hinausgehende Speicherung erfolgt entsprechend Art.\u00a06 Abs.\u00a01 S.\u00a01 lit.\u00a0a DSGV nur mit Einwilligung der betroffenen Person.<\/p>\n\n\n\n<p>4. Einwilligungen, die nach Art. 6 Abs. 1 S. 1 lit. a DSGVO und\/oder \u00a7 22 KUrhG einzuholen waren, werden zum Zwecke eines ggf. notwendigen Nachweises f\u00fcr die Dauer von 10 Jahren gespeichert.<\/p>\n\n\n\n<p>5. Daten von Personen, die sich bei uns als Arbeitnehmer beworben haben, werden &#8211; wenn kein Vertrag mit dem Bewerber geschlossen wird &#8211; 6 Monate nach Abschluss des Bewerbungsverfahrens gel\u00f6scht. Das gilt nur, sofern einer L\u00f6schung keine sonstigen berechtigten Interessen unsererseits entgegenstehen. Sonstiges berechtigtes Interesse in diesem Sinne ist beispielsweise eine Beweispflicht in einem Verfahren nach dem Allgemeinen Gleichbehandlungsgesetz (AGG). F\u00fcr den Fall des Zustandekommens eines Besch\u00e4ftigungsverh\u00e4ltnisses wird gesondert \u00fcber die dann stattfindende Datenverarbeitung informiert.<\/p>\n\n\n\n<h2 class=\"wp-block-heading\">12. Datensicherheit<\/h2>\n\n\n\n<p>Wir bedienen uns geeigneter technischer und organisatorischer Sicherheitsma\u00dfnahmen, um Ihre Daten gegen zuf\u00e4llige oder vors\u00e4tzliche Manipulationen, teilweisen oder vollst\u00e4ndigen Verlust, Zerst\u00f6rung oder gegen den unbefugten Zugriff Dritter zu sch\u00fctzen. Unsere Sicherheitsma\u00dfnahmen werden entsprechend der technologischen Entwicklung fortlaufend verbessert.<\/p>\n\n\n\n<p>Wir verwenden innerhalb des Website-Besuchs das verbreitete SSL- oder TLS-Verfahren (Secure Socket Layer) in Verbindung mit der jeweils h\u00f6chsten Verschl\u00fcsselungsstufe, die von Ihrem Browser unterst\u00fctzt wird. In der Regel handelt es sich dabei um eine 256 Bit Verschl\u00fcsselung. Falls Ihr Browser keine 256-Bit Verschl\u00fcsselung unterst\u00fctzt, greifen wir stattdessen auf 128-Bit v3 Technologie zur\u00fcck.<\/p>\n\n\n\n<p>Eine verschl\u00fcsselte Verbindung erkennen Sie daran, dass die Adresszeile des Browsers von &#8222;http:\/\/&#8220; auf &#8222;https:\/\/&#8220; wechselt oder an dem Schloss-Symbol in Ihrer Browserzeile.\u00a0\u00a0<\/p>\n\n\n\n<h2 class=\"wp-block-heading\">13. Ihre Rechte als Betroffener<\/h2>\n\n\n\n<p>Sie haben gem\u00e4\u00df Art. 15 DSGVO das Recht auf Auskunft \u00fcber Ihre betreffenden personenbezogenen Daten. Sie k\u00f6nnen sich f\u00fcr eine unentgeltliche Auskunft jederzeit an die Fahrschule C. Br\u00fcgge wenden.\u00a0Bei einer Auskunftsanfrage, die nicht schriftlich erfolgt und die nicht anderweitig sicher verifiziert werden kann, m\u00fcssen Sie damit rechnen, dass f\u00fcr eine Sicherstellung zur Person Nachfragen von uns gestellt werden.<\/p>\n\n\n\n<p>Ferner haben Sie ein Recht auf Berichtigung (Art. 16 DSGVO) oder L\u00f6schung (Art. 17 DSGVO) oder auf Einschr\u00e4nkung der Verarbeitung (Art. 18 DSGVO), soweit Ihnen das gesetzlich zusteht.<br><br>Nat\u00fcrlich haben Sie das Recht auf Daten\u00fcbertragbarkeit. Auch hier gilt, dass dies nur im Rahmen der gesetzlichen Vorgaben gew\u00e4hrt wird. Gem\u00e4\u00df Art. 20 DSGVO haben Sie das Recht Ihre personenbezogenen Daten, die Sie uns bereitgestellt haben, in einem strukturierten, g\u00e4ngigen und maschinenlesebaren Format zu erhalten oder die \u00dcbermittlung an einen anderen Verantwortlichen zu verlangen.<\/p>\n\n\n\n<p>Ihnen steht ein Widerspruchsrecht gegen die Verarbeitung im Rahmen der gesetzlichen Vorgaben zu. Insbesondere wenn Sie ein Widerspruchsrecht gegen eine Verarbeitung Ihrer Daten auf Basis unserer Interessenabw\u00e4gung geltend machen m\u00f6chten, m\u00fcssen Sie mit einer genauen Pr\u00fcfung rechnen. Bitte lesen Sie dazu Art. 21 DSGVO. Nachfragen unsererseits k\u00f6nnen auch zur \u201ebesonderen Situation\u201c i.S.d. Art. 21 Abs. 1 DSGVO an Sie gestellt werden.<\/p>\n\n\n\n<h2 class=\"wp-block-heading\">14. <strong>Beschwerden bei Aufsichtsbeh\u00f6rden<\/strong><\/h2>\n\n\n\n<p>Sie haben das Recht sich\u00a0\u00fcber die Verarbeitung personenbezogener Daten durch die Fahrschule C. Br\u00fcgge bei einer zust\u00e4ndigen Aufsichtsbeh\u00f6rde zu beschweren oder sich an die zust\u00e4ndige Aufsichtsbeh\u00f6rde Ihres \u00fcblichen Aufenthaltsortes, Arbeitsplatzes oder unseres Firmensitzes zu wenden:<\/p>\n\n\n\n<p>Der Hamburgische Beauftragte f\u00fcr Datenschutz und Informationsfreiheit<br>Ludwig-Erhard-Str 22, 7. OG<br>20459 Hamburg<\/p>\n\n\n\n<p>Internet: <a href=\"http:\/\/www.datenschutz-hamburg.de\">www.datenschutz-hamburg.de<\/a><br>Email:\u00a0<a href=\"mailto:mailbox@datenschutz.hamburg.de\">mailbox@datenschutz.hamburg.de<\/a><\/p>\n\n\n\n<h2 class=\"wp-block-heading\">15. <strong>\u00c4nderung und Aktualit\u00e4t der Datenschutzerkl\u00e4rung<\/strong><\/h2>\n\n\n\n<p>Wir \u00fcberarbeiten diese Datenschutzerkl\u00e4rung bei \u00c4nderungen an dieser Internetseite oder bei sonstigen Anl\u00e4ssen, sobald dies erforderlich ist. Die jeweils aktuelle Fassung finden Sie stets auf dieser Internetseite unter:<br><a href=\"http:\/\/www.fahrschule-bruegge.de\/datenschutzerklaerung\" data-type=\"URL\" data-id=\"www.fahrschule-bruegge.de\/datenschutzerklaerung\">www.fahrschule-bruegge.de\/datenschutzerklaerung<\/a><\/p>\n\n\n\n<p>Wenn Sie Fragen zum Datenschutz haben, k\u00f6nnen Sie sich jederzeit an die Fahrschule C. Br\u00fcgge wenden.<\/p>\n\n\n\n<p>Stand: Januar 2021<\/p>\n\n\n\n<hr class=\"wp-block-separator\"\/>\n\n\n\n<p><\/p>\n","protected":false},"excerpt":{"rendered":"<p>1. Allgemeine Hinweise Als Verantwortlicher f\u00fcr diese Internetseite nehmen wir den Schutz Ihrer pers\u00f6nlichen Daten sehr ernst. Wir behandeln Ihre personenbezogenen Daten vertraulich und nach Vorgabe der geltenden Datenschutzgesetze, vor allem der (EU-DSGVO) sowie dieser Datenschutzerkl\u00e4rung. Wenn Sie diese Internetseite benutzen, werden verschiedene personenbezogene Daten erhoben. Personenbezogene Daten sind Daten, mit denen Sie pers\u00f6nlich identifiziert [&hellip;]<\/p>\n","protected":false},"author":1,"featured_media":0,"parent":0,"menu_order":0,"comment_status":"closed","ping_status":"closed","template":"","meta":{"footnotes":""},"class_list":["post-3","page","type-page","status-publish","hentry"],"_links":{"self":[{"href":"https:\/\/fahrschule-bruegge.de\/index.php?rest_route=\/wp\/v2\/pages\/3","targetHints":{"allow":["GET"]}}],"collection":[{"href":"https:\/\/fahrschule-bruegge.de\/index.php?rest_route=\/wp\/v2\/pages"}],"about":[{"href":"https:\/\/fahrschule-bruegge.de\/index.php?rest_route=\/wp\/v2\/types\/page"}],"author":[{"embeddable":true,"href":"https:\/\/fahrschule-bruegge.de\/index.php?rest_route=\/wp\/v2\/users\/1"}],"replies":[{"embeddable":true,"href":"https:\/\/fahrschule-bruegge.de\/index.php?rest_route=%2Fwp%2Fv2%2Fcomments&post=3"}],"version-history":[{"count":1,"href":"https:\/\/fahrschule-bruegge.de\/index.php?rest_route=\/wp\/v2\/pages\/3\/revisions"}],"predecessor-version":[{"id":17,"href":"https:\/\/fahrschule-bruegge.de\/index.php?rest_route=\/wp\/v2\/pages\/3\/revisions\/17"}],"wp:attachment":[{"href":"https:\/\/fahrschule-bruegge.de\/index.php?rest_route=%2Fwp%2Fv2%2Fmedia&parent=3"}],"curies":[{"name":"wp","href":"https:\/\/api.w.org\/{rel}","templated":true}]}}